{"id":2771,"date":"2024-06-27T18:30:12","date_gmt":"2024-06-27T18:30:12","guid":{"rendered":"https:\/\/montanadeluzec.com\/?page_id=2771"},"modified":"2024-09-10T21:29:35","modified_gmt":"2024-09-10T21:29:35","slug":"blog-2","status":"publish","type":"page","link":"https:\/\/montanadeluzec.com\/?page_id=2771","title":{"rendered":"Blog"},"content":{"rendered":"\t\t<div data-elementor-type=\"wp-page\" data-elementor-id=\"2771\" class=\"elementor elementor-2771\" data-elementor-post-type=\"page\">\r\n\t\t\t\t\t\t<section class=\"elementor-section elementor-top-section elementor-element elementor-element-d1af41b elementor-section-boxed elementor-section-height-default elementor-section-height-default\" data-id=\"d1af41b\" data-element_type=\"section\">\r\n\t\t\t\t\t\t<div class=\"elementor-container elementor-column-gap-default\">\r\n\t\t\t\t\t<div class=\"elementor-column elementor-col-100 elementor-top-column elementor-element elementor-element-f95dc96\" data-id=\"f95dc96\" data-element_type=\"column\">\r\n\t\t\t<div class=\"elementor-widget-wrap elementor-element-populated\">\r\n\t\t\t\t\t\t<div class=\"elementor-element elementor-element-fd1fb9b elementor-grid-3 elementor-grid-tablet-2 elementor-grid-mobile-1 elementor-posts--thumbnail-top elementor-card-shadow-yes elementor-posts__hover-gradient elementor-widget elementor-widget-posts\" data-id=\"fd1fb9b\" data-element_type=\"widget\" data-settings=\"{&quot;cards_columns&quot;:&quot;3&quot;,&quot;cards_columns_tablet&quot;:&quot;2&quot;,&quot;cards_columns_mobile&quot;:&quot;1&quot;,&quot;cards_row_gap&quot;:{&quot;unit&quot;:&quot;px&quot;,&quot;size&quot;:35,&quot;sizes&quot;:[]},&quot;cards_row_gap_tablet&quot;:{&quot;unit&quot;:&quot;px&quot;,&quot;size&quot;:&quot;&quot;,&quot;sizes&quot;:[]},&quot;cards_row_gap_mobile&quot;:{&quot;unit&quot;:&quot;px&quot;,&quot;size&quot;:&quot;&quot;,&quot;sizes&quot;:[]}}\" data-widget_type=\"posts.cards\">\r\n\t\t\t\t<div class=\"elementor-widget-container\">\r\n\t\t\t\t\t\t\t<div class=\"elementor-posts-container elementor-posts elementor-posts--skin-cards elementor-grid\">\r\n\t\t\t\t<article class=\"elementor-post elementor-grid-item post-2824 post type-post status-publish format-standard hentry category-articulos entry\">\r\n\t\t\t<div class=\"elementor-post__card\">\r\n\t\t\t\t<div class=\"elementor-post__text\">\r\n\t\t\t\t<h3 class=\"elementor-post__title\">\r\n\t\t\t<a href=\"https:\/\/montanadeluzec.com\/?p=2824\" >\r\n\t\t\t\tMonta\u00f1a de Luz\t\t\t<\/a>\r\n\t\t<\/h3>\r\n\t\t\t\t<div class=\"elementor-post__excerpt\">\r\n\t\t\t<p>Monta\u00f1a de Luz, un hogar de Ecoespiritualidad en los Andes ecuatorianos. En un mundo donde el cambio clim\u00e1tico avanza inexorablemente, la deforestaci\u00f3n devora nuestros bosques<\/p>\n\t\t<\/div>\r\n\t\t\r\n\t\t<a class=\"elementor-post__read-more\" href=\"https:\/\/montanadeluzec.com\/?p=2824\" aria-label=\"Read more about Monta\u00f1a de Luz\" tabindex=\"-1\" >\r\n\t\t\tLeer M\u00e1s \u00bb\t\t<\/a>\r\n\r\n\t\t\t\t<\/div>\r\n\t\t\t\t<div class=\"elementor-post__meta-data\">\r\n\t\t\t\t\t<span class=\"elementor-post-date\">\r\n\t\t\tjunio 27, 2024\t\t<\/span>\r\n\t\t\t\t<span class=\"elementor-post-avatar\">\r\n\t\t\tNo hay comentarios\t\t<\/span>\r\n\t\t\t\t<\/div>\r\n\t\t\t\t\t<\/div>\r\n\t\t<\/article>\r\n\t\t\t\t<article class=\"elementor-post elementor-grid-item post-2981 post type-post status-publish format-standard hentry category-articulos entry\">\r\n\t\t\t<div class=\"elementor-post__card\">\r\n\t\t\t\t<div class=\"elementor-post__text\">\r\n\t\t\t\t<h3 class=\"elementor-post__title\">\r\n\t\t\t<a href=\"https:\/\/montanadeluzec.com\/?p=2981\" >\r\n\t\t\t\tRitual de A\u00f1o Nuevo en Camino del Silencio de la ecuatoriana Monta\u00f1a de Luz\t\t\t<\/a>\r\n\t\t<\/h3>\r\n\t\t\t\t<div class=\"elementor-post__excerpt\">\r\n\t\t\t<p>https:\/\/www.infobae.com\/america\/agencias\/2023\/01\/01\/ritual-de-ano-nuevo-en-camino-del-silencio-de-la-ecuatoriana-montana-de-luz\/ Susana Madera Imbabura (Ecuador).- 1 ene. El Camino del Silencio en la \u00abMonta\u00f1a de Luz\u00bb, situada en el norte de Ecuador, acogi\u00f3 los pasos<\/p>\n\t\t<\/div>\r\n\t\t\r\n\t\t<a class=\"elementor-post__read-more\" href=\"https:\/\/montanadeluzec.com\/?p=2981\" aria-label=\"Read more about Ritual de A\u00f1o Nuevo en Camino del Silencio de la ecuatoriana Monta\u00f1a de Luz\" tabindex=\"-1\" >\r\n\t\t\tLeer M\u00e1s \u00bb\t\t<\/a>\r\n\r\n\t\t\t\t<\/div>\r\n\t\t\t\t<div class=\"elementor-post__meta-data\">\r\n\t\t\t\t\t<span class=\"elementor-post-date\">\r\n\t\t\tjulio 10, 2024\t\t<\/span>\r\n\t\t\t\t<span class=\"elementor-post-avatar\">\r\n\t\t\tNo hay comentarios\t\t<\/span>\r\n\t\t\t\t<\/div>\r\n\t\t\t\t\t<\/div>\r\n\t\t<\/article>\r\n\t\t\t\t<article class=\"elementor-post elementor-grid-item post-3185 post type-post status-publish format-standard hentry category-articulos entry\">\r\n\t\t\t<div class=\"elementor-post__card\">\r\n\t\t\t\t<div class=\"elementor-post__text\">\r\n\t\t\t\t<h3 class=\"elementor-post__title\">\r\n\t\t\t<a href=\"https:\/\/montanadeluzec.com\/?p=3185\" >\r\n\t\t\t\tAves de la \u00ablista roja\u00bb de Ecuador tendr\u00e1n un nuevo reducto en la \u00abMonta\u00f1a de Luz\u00bb\t\t\t<\/a>\r\n\t\t<\/h3>\r\n\t\t\t\t<div class=\"elementor-post__excerpt\">\r\n\t\t\t<p>https:\/\/dialoguemos.ec\/2023\/09\/aves-en-peligro-de-extincion-tiene-un-nuevo-santuario-en-imbabura\/ Aves de la \u00ablista roja\u00bb de Ecuador tendr\u00e1n un nuevo reducto en la \u00abMonta\u00f1a de Luz\u00bb 30 agosto 2023 Por Susana Madera | Imbabura<\/p>\n\t\t<\/div>\r\n\t\t\r\n\t\t<a class=\"elementor-post__read-more\" href=\"https:\/\/montanadeluzec.com\/?p=3185\" aria-label=\"Read more about Aves de la \u00ablista roja\u00bb de Ecuador tendr\u00e1n un nuevo reducto en la \u00abMonta\u00f1a de Luz\u00bb\" tabindex=\"-1\" >\r\n\t\t\tLeer M\u00e1s \u00bb\t\t<\/a>\r\n\r\n\t\t\t\t<\/div>\r\n\t\t\t\t<div class=\"elementor-post__meta-data\">\r\n\t\t\t\t\t<span class=\"elementor-post-date\">\r\n\t\t\tagosto 6, 2024\t\t<\/span>\r\n\t\t\t\t<span class=\"elementor-post-avatar\">\r\n\t\t\tNo hay comentarios\t\t<\/span>\r\n\t\t\t\t<\/div>\r\n\t\t\t\t\t<\/div>\r\n\t\t<\/article>\r\n\t\t\t\t<article class=\"elementor-post elementor-grid-item post-3188 post type-post status-publish format-standard hentry category-articulos entry\">\r\n\t\t\t<div class=\"elementor-post__card\">\r\n\t\t\t\t<div class=\"elementor-post__text\">\r\n\t\t\t\t<h3 class=\"elementor-post__title\">\r\n\t\t\t<a href=\"https:\/\/montanadeluzec.com\/?p=3188\" >\r\n\t\t\t\tLa \u00abMonta\u00f1a de Luz\u00bb, un \u00ablaboratorio vivo\u00bb de unas 30.000 plantas en Ecuador\t\t\t<\/a>\r\n\t\t<\/h3>\r\n\t\t\t\t<div class=\"elementor-post__excerpt\">\r\n\t\t\t<p>https:\/\/efe.com\/medio-ambiente\/2023-06-24\/la-montana-de-luz-un-laboratorio-vivo-de-unas-30-000-plantas-en-ecuador\/#:~:text=Imbabura%20(Ecuador)%20(EFE),la%20provincia%20ecuatoriana%20de%20Imbabura. &nbsp; La \u00abMonta\u00f1a de Luz\u00bb, un \u00ablaboratorio vivo\u00bb de unas 30.000 plantas en Ecuador 24 junio 2023 Por Susana Madera | Imbabura (Ecuador) (EFE).-<\/p>\n\t\t<\/div>\r\n\t\t\r\n\t\t<a class=\"elementor-post__read-more\" href=\"https:\/\/montanadeluzec.com\/?p=3188\" aria-label=\"Read more about La \u00abMonta\u00f1a de Luz\u00bb, un \u00ablaboratorio vivo\u00bb de unas 30.000 plantas en Ecuador\" tabindex=\"-1\" >\r\n\t\t\tLeer M\u00e1s \u00bb\t\t<\/a>\r\n\r\n\t\t\t\t<\/div>\r\n\t\t\t\t<div class=\"elementor-post__meta-data\">\r\n\t\t\t\t\t<span class=\"elementor-post-date\">\r\n\t\t\tagosto 6, 2024\t\t<\/span>\r\n\t\t\t\t<span class=\"elementor-post-avatar\">\r\n\t\t\tNo hay comentarios\t\t<\/span>\r\n\t\t\t\t<\/div>\r\n\t\t\t\t\t<\/div>\r\n\t\t<\/article>\r\n\t\t\t\t<article class=\"elementor-post elementor-grid-item post-3191 post type-post status-publish format-standard hentry category-articulos entry\">\r\n\t\t\t<div class=\"elementor-post__card\">\r\n\t\t\t\t<div class=\"elementor-post__text\">\r\n\t\t\t\t<h3 class=\"elementor-post__title\">\r\n\t\t\t<a href=\"https:\/\/montanadeluzec.com\/?p=3191\" >\r\n\t\t\t\tUn santuario para la &#8216;ecoespiritualidad&#8217; se levanta en Imbabura\t\t\t<\/a>\r\n\t\t<\/h3>\r\n\t\t\t\t<div class=\"elementor-post__excerpt\">\r\n\t\t\t<p>https:\/\/www.lahora.com.ec\/imbabura-carchi\/santuario-ecoespiritualidad-imbabura\/ &nbsp; Un santuario para la &#8216;ecoespiritualidad&#8217; se levanta en Imbabura En una zona rural de Urcuqu\u00ed se ubica la &#8216;Monta\u00f1a de Luz&#8217;, donde se<\/p>\n\t\t<\/div>\r\n\t\t\r\n\t\t<a class=\"elementor-post__read-more\" href=\"https:\/\/montanadeluzec.com\/?p=3191\" aria-label=\"Read more about Un santuario para la &#8216;ecoespiritualidad&#8217; se levanta en Imbabura\" tabindex=\"-1\" >\r\n\t\t\tLeer M\u00e1s \u00bb\t\t<\/a>\r\n\r\n\t\t\t\t<\/div>\r\n\t\t\t\t<div class=\"elementor-post__meta-data\">\r\n\t\t\t\t\t<span class=\"elementor-post-date\">\r\n\t\t\tagosto 6, 2024\t\t<\/span>\r\n\t\t\t\t<span class=\"elementor-post-avatar\">\r\n\t\t\tNo hay comentarios\t\t<\/span>\r\n\t\t\t\t<\/div>\r\n\t\t\t\t\t<\/div>\r\n\t\t<\/article>\r\n\t\t\t\t<article class=\"elementor-post elementor-grid-item post-3193 post type-post status-publish format-standard hentry category-articulos entry\">\r\n\t\t\t<div class=\"elementor-post__card\">\r\n\t\t\t\t<div class=\"elementor-post__text\">\r\n\t\t\t\t<h3 class=\"elementor-post__title\">\r\n\t\t\t<a href=\"https:\/\/montanadeluzec.com\/?p=3193\" >\r\n\t\t\t\tEntre buganvilias y mandarinas: Un viaje en soledad a Monta\u00f1a de Luz\t\t\t<\/a>\r\n\t\t<\/h3>\r\n\t\t\t\t<div class=\"elementor-post__excerpt\">\r\n\t\t\t<p>https:\/\/www.primicias.ec\/noticias\/firmas\/viaje-soledad-montana-luz-abundancia\/ Entre buganvilias y mandarinas: Un viaje en soledad a Monta\u00f1a de Luz Hace un mes, en Instagram, me sali\u00f3 una publicidad de un retiro<\/p>\n\t\t<\/div>\r\n\t\t\r\n\t\t<a class=\"elementor-post__read-more\" href=\"https:\/\/montanadeluzec.com\/?p=3193\" aria-label=\"Read more about Entre buganvilias y mandarinas: Un viaje en soledad a Monta\u00f1a de Luz\" tabindex=\"-1\" >\r\n\t\t\tLeer M\u00e1s \u00bb\t\t<\/a>\r\n\r\n\t\t\t\t<\/div>\r\n\t\t\t\t<div class=\"elementor-post__meta-data\">\r\n\t\t\t\t\t<span class=\"elementor-post-date\">\r\n\t\t\tagosto 6, 2024\t\t<\/span>\r\n\t\t\t\t<span class=\"elementor-post-avatar\">\r\n\t\t\tNo hay comentarios\t\t<\/span>\r\n\t\t\t\t<\/div>\r\n\t\t\t\t\t<\/div>\r\n\t\t<\/article>\r\n\t\t\t\t<article class=\"elementor-post elementor-grid-item post-3295 post type-post status-publish format-standard hentry category-articulos entry\">\r\n\t\t\t<div class=\"elementor-post__card\">\r\n\t\t\t\t<div class=\"elementor-post__text\">\r\n\t\t\t\t<h3 class=\"elementor-post__title\">\r\n\t\t\t<a href=\"https:\/\/montanadeluzec.com\/?p=3295\" >\r\n\t\t\t\tJoven estadounidense lidera campamento que inspira sue\u00f1os y promueve igualdad en Ecuador\t\t\t<\/a>\r\n\t\t<\/h3>\r\n\t\t\t\t<div class=\"elementor-post__excerpt\">\r\n\t\t\t<p>https:\/\/www.swissinfo.ch\/spa\/joven-estadounidense-lidera-campamento-que-inspira-sue%c3%b1os-y-promueve-igualdad-en-ecuador\/86985342 Este contenido fue publicado en16 agosto 2024 &#8211; 16:25 Susana Madera Quito, 16 ago (EFE).- En un paradis\u00edaco rinc\u00f3n de Ecuador, 79 ni\u00f1os de<\/p>\n\t\t<\/div>\r\n\t\t\r\n\t\t<a class=\"elementor-post__read-more\" href=\"https:\/\/montanadeluzec.com\/?p=3295\" aria-label=\"Read more about Joven estadounidense lidera campamento que inspira sue\u00f1os y promueve igualdad en Ecuador\" tabindex=\"-1\" >\r\n\t\t\tLeer M\u00e1s \u00bb\t\t<\/a>\r\n\r\n\t\t\t\t<\/div>\r\n\t\t\t\t<div class=\"elementor-post__meta-data\">\r\n\t\t\t\t\t<span class=\"elementor-post-date\">\r\n\t\t\tagosto 16, 2024\t\t<\/span>\r\n\t\t\t\t<span class=\"elementor-post-avatar\">\r\n\t\t\tNo hay comentarios\t\t<\/span>\r\n\t\t\t\t<\/div>\r\n\t\t\t\t\t<\/div>\r\n\t\t<\/article>\r\n\t\t\t\t<\/div>\r\n\t\t\r\n\t\t\t\t\t\t<\/div>\r\n\t\t\t\t<\/div>\r\n\t\t\t\t\t<\/div>\r\n\t\t<\/div>\r\n\t\t\t\t\t<\/div>\r\n\t\t<\/section>\r\n\t\t\t\t<\/div>\r\n\t\t","protected":false},"excerpt":{"rendered":"","protected":false},"author":2,"featured_media":0,"parent":0,"menu_order":0,"comment_status":"closed","ping_status":"closed","template":"","meta":{"ocean_post_layout":"","ocean_both_sidebars_style":"","ocean_both_sidebars_content_width":0,"ocean_both_sidebars_sidebars_width":0,"ocean_sidebar":"0","ocean_second_sidebar":"0","ocean_disable_margins":"enable","ocean_add_body_class":"","ocean_shortcode_before_top_bar":"","ocean_shortcode_after_top_bar":"","ocean_shortcode_before_header":"","ocean_shortcode_after_header":"","ocean_has_shortcode":"","ocean_shortcode_after_title":"","ocean_shortcode_before_footer_widgets":"","ocean_shortcode_after_footer_widgets":"","ocean_shortcode_before_footer_bottom":"","ocean_shortcode_after_footer_bottom":"","ocean_display_top_bar":"default","ocean_display_header":"default","ocean_header_style":"","ocean_center_header_left_menu":"0","ocean_custom_header_template":"0","ocean_custom_logo":0,"ocean_custom_retina_logo":0,"ocean_custom_logo_max_width":0,"ocean_custom_logo_tablet_max_width":0,"ocean_custom_logo_mobile_max_width":0,"ocean_custom_logo_max_height":0,"ocean_custom_logo_tablet_max_height":0,"ocean_custom_logo_mobile_max_height":0,"ocean_header_custom_menu":"0","ocean_menu_typo_font_family":"0","ocean_menu_typo_font_subset":"","ocean_menu_typo_font_size":0,"ocean_menu_typo_font_size_tablet":0,"ocean_menu_typo_font_size_mobile":0,"ocean_menu_typo_font_size_unit":"px","ocean_menu_typo_font_weight":"","ocean_menu_typo_font_weight_tablet":"","ocean_menu_typo_font_weight_mobile":"","ocean_menu_typo_transform":"","ocean_menu_typo_transform_tablet":"","ocean_menu_typo_transform_mobile":"","ocean_menu_typo_line_height":0,"ocean_menu_typo_line_height_tablet":0,"ocean_menu_typo_line_height_mobile":0,"ocean_menu_typo_line_height_unit":"","ocean_menu_typo_spacing":0,"ocean_menu_typo_spacing_tablet":0,"ocean_menu_typo_spacing_mobile":0,"ocean_menu_typo_spacing_unit":"","ocean_menu_link_color":"","ocean_menu_link_color_hover":"","ocean_menu_link_color_active":"","ocean_menu_link_background":"","ocean_menu_link_hover_background":"","ocean_menu_link_active_background":"","ocean_menu_social_links_bg":"","ocean_menu_social_hover_links_bg":"","ocean_menu_social_links_color":"","ocean_menu_social_hover_links_color":"","ocean_disable_title":"default","ocean_disable_heading":"default","ocean_post_title":"","ocean_post_subheading":"","ocean_post_title_style":"background-image","ocean_post_title_background_color":"","ocean_post_title_background":2775,"ocean_post_title_bg_image_position":"","ocean_post_title_bg_image_attachment":"","ocean_post_title_bg_image_repeat":"","ocean_post_title_bg_image_size":"","ocean_post_title_height":0,"ocean_post_title_bg_overlay":0.5,"ocean_post_title_bg_overlay_color":"","ocean_disable_breadcrumbs":"default","ocean_breadcrumbs_color":"","ocean_breadcrumbs_separator_color":"","ocean_breadcrumbs_links_color":"","ocean_breadcrumbs_links_hover_color":"","ocean_display_footer_widgets":"default","ocean_display_footer_bottom":"default","ocean_custom_footer_template":"0","_joinchat":[],"footnotes":""},"class_list":["post-2771","page","type-page","status-publish","hentry","entry"],"_links":{"self":[{"href":"https:\/\/montanadeluzec.com\/index.php?rest_route=\/wp\/v2\/pages\/2771","targetHints":{"allow":["GET"]}}],"collection":[{"href":"https:\/\/montanadeluzec.com\/index.php?rest_route=\/wp\/v2\/pages"}],"about":[{"href":"https:\/\/montanadeluzec.com\/index.php?rest_route=\/wp\/v2\/types\/page"}],"author":[{"embeddable":true,"href":"https:\/\/montanadeluzec.com\/index.php?rest_route=\/wp\/v2\/users\/2"}],"replies":[{"embeddable":true,"href":"https:\/\/montanadeluzec.com\/index.php?rest_route=%2Fwp%2Fv2%2Fcomments&post=2771"}],"version-history":[{"count":28,"href":"https:\/\/montanadeluzec.com\/index.php?rest_route=\/wp\/v2\/pages\/2771\/revisions"}],"predecessor-version":[{"id":3327,"href":"https:\/\/montanadeluzec.com\/index.php?rest_route=\/wp\/v2\/pages\/2771\/revisions\/3327"}],"wp:attachment":[{"href":"https:\/\/montanadeluzec.com\/index.php?rest_route=%2Fwp%2Fv2%2Fmedia&parent=2771"}],"curies":[{"name":"wp","href":"https:\/\/api.w.org\/{rel}","templated":true}]}}